{"id":13960,"date":"2018-02-06T09:24:42","date_gmt":"2018-02-06T09:24:42","guid":{"rendered":"https:\/\/www.aneme.pt\/site\/qren-internacionalizacao\/"},"modified":"2018-02-08T09:53:25","modified_gmt":"2018-02-08T09:53:25","slug":"qren-internacionalizacao","status":"publish","type":"page","link":"https:\/\/www.aneme.pt\/site\/qren-internacionalizacao\/","title":{"rendered":"QREN &#8211; Internationalization"},"content":{"rendered":"<p><div class=\"fusion-fullwidth fullwidth-box fusion-builder-row-1 nonhundred-percent-fullwidth non-hundred-percent-height-scrolling\" style=\"--awb-background-position:left top;--awb-border-color:#eaeaea;--awb-border-radius-top-left:0px;--awb-border-radius-top-right:0px;--awb-border-radius-bottom-right:0px;--awb-border-radius-bottom-left:0px;--awb-padding-top:30px;--awb-padding-right:0px;--awb-padding-bottom:40px;--awb-padding-left:0px;--awb-border-sizes-top:0px;--awb-border-sizes-bottom:0px;--awb-flex-wrap:wrap;\" ><div class=\"fusion-builder-row fusion-row\"><div class=\"fusion-layout-column fusion_builder_column fusion-builder-column-0 fusion_builder_column_1_1 1_1 fusion-one-full fusion-column-first fusion-column-last\" style=\"--awb-padding-top:40px;--awb-padding-right:40px;--awb-padding-bottom:40px;--awb-padding-left:40px;--awb-bg-size:cover;\"><div class=\"fusion-column-wrapper fusion-flex-column-wrapper-legacy\"><div class=\"fusion-text fusion-text-1\"><p style=\"text-align: center;\"><strong>INCENTIVE SYSTEM\u00a0 FOR SME QUALIFICATION AND INTERNATIONALIZATION\u00a0<\/strong><\/p>\n<p style=\"text-align: left;\"><strong>PROJECT N\u00ba.:<\/strong>\u00a037978<br \/>\n<strong>NOTIFICATION APPLICATION N\u00ba.:<\/strong>\u00a005\/2012\/SI\/2012<\/p>\n<p>JOINT PROJECTS<\/p>\n<p><b>Start Date<\/b> 1\/01\/2014 <strong>End:<\/strong>\u00a030\/06\/2015<\/p>\n<h3><\/h3>\n<p>This project aims to promote the internationalization of the sector, intensify and diversify its presence in foreign markets, through the development of the following actions:<\/p>\n<\/div><div class=\"fusion-clearfix\"><\/div><\/div><\/div><\/div><\/div><div class=\"fusion-fullwidth fullwidth-box fusion-builder-row-2 nonhundred-percent-fullwidth non-hundred-percent-height-scrolling\" style=\"--awb-background-position:left top;--awb-border-radius-top-left:0px;--awb-border-radius-top-right:0px;--awb-border-radius-bottom-right:0px;--awb-border-radius-bottom-left:0px;--awb-padding-top:30px;--awb-padding-right:0px;--awb-padding-bottom:60px;--awb-padding-left:0px;--awb-border-sizes-top:0px;--awb-border-sizes-bottom:0px;--awb-flex-wrap:wrap;\" ><div class=\"fusion-builder-row fusion-row\"><div class=\"fusion-layout-column fusion_builder_column fusion-builder-column-1 fusion_builder_column_1_1 1_1 fusion-one-full fusion-column-first fusion-column-last fusion-column-no-min-height\" style=\"--awb-bg-size:cover;--awb-margin-bottom:0px;\"><div class=\"fusion-column-wrapper fusion-flex-column-wrapper-legacy\"><style type='text\/css'>\n\t\t\t\t.pricing-table-1 .panel-container, .pricing-table-1 .standout .panel-container,\n\t\t\t\t.pricing-table-1.full-boxed-pricing {background-color:#f8f8f8;}\n\t\t\t\t.pricing-table-1 .list-group .list-group-item,\n\t\t\t\t.pricing-table-1 .list-group .list-group-item:last-child{background-color:#ffffff; border-color:#ededed;}\n\t\t\t\t.pricing-table-1.full-boxed-pricing .panel-wrapper:hover .panel-heading,\n\t\t\t\t.pricing-table-1 .panel-wrapper:hover .list-group-item {background-color:#f8f8f8;}\n\t\t\t\t.pricing-table-1.full-boxed-pricing .panel-heading{background-color:#ffffff;}\n\t\t\t\t.pricing-table-1 .fusion-panel, .pricing-table-1 .panel-wrapper:last-child .fusion-panel,\n\t\t\t\t.pricing-table-1 .standout .fusion-panel, .pricing-table-1  .panel-heading,\n\t\t\t\t.pricing-table-1 .panel-body, .pricing-table-1 .panel-footer{border-color:#ededed;}\n\t\t\t\t.pricing-table-1 .panel-body,.pricing-table-1 .panel-footer{background-color:#f8f8f8;}\n\t\t\t\t.pricing-table-1.sep-boxed-pricing .panel-heading h3{color:#333333;}\n\t\t\t\t.pricing-table-1.full-boxed-pricing.fusion-pricing-table .panel-heading h3{color:#333333;}\n\t\t\t\t.pricing-table-1.fusion-pricing-table .panel-body .price .decimal-part{color:#c4a362;}\n\t\t\t\t.pricing-table-1.fusion-pricing-table .panel-body .price .integer-part{color:#c4a362;}\n\t\t\t\t.pricing-table-1 ul.list-group li{color:#747474;}\n\t\t\t\t<\/style><div class=\"fusion-pricing-table pricing-table-1 full-boxed-pricing row fusion-columns-4 columns-4 fusion-clearfix\"><div class=\"panel-wrapper fusion-column column col-lg-3 col-md-3 col-sm-3 fusion-pricingtable-column\"><div class=\"panel-container\"><div class=\"fusion-panel\"><div class=\"panel-heading\"><h3 class=\"title-row\">Promoter<\/h3><\/div><div class=\"panel-body pricing-row\"><\/div><ul class=\"list-group\"><li class=\"list-group-item normal-row\">ANEME<\/li><li class=\"list-group-item normal-row\">ANEME<\/li><li class=\"list-group-item normal-row\">ANEME<\/li><li class=\"list-group-item normal-row\">AIDA\/ANEME<\/li><li class=\"list-group-item normal-row\">ANEME<\/li><li class=\"list-group-item normal-row\">ANEME<\/li><li class=\"list-group-item normal-row\">AIDA\/ANEME<\/li><li class=\"list-group-item normal-row\">ANEME<\/li><li class=\"list-group-item normal-row\">ANEME<\/li><li class=\"list-group-item normal-row\">ANEME<\/li><li class=\"list-group-item normal-row\">ANEME<\/li><li class=\"list-group-item normal-row\">ANEME<\/li><li class=\"list-group-item normal-row\">ANEME<\/li><li class=\"list-group-item normal-row\">ANEME<\/li><li class=\"list-group-item normal-row\">ANEME<\/li><li class=\"list-group-item normal-row\">ANEME<\/li><li class=\"list-group-item normal-row\">ANEME<\/li><\/ul><\/div><\/div><\/div><div class=\"panel-wrapper fusion-column column col-lg-3 col-md-3 col-sm-3 fusion-pricingtable-column\"><div class=\"panel-container\"><div class=\"fusion-panel\"><div class=\"panel-heading\"><h3 class=\"title-row\">Country<\/h3><\/div><div class=\"panel-body pricing-row\"><\/div><ul class=\"list-group\"><li class=\"list-group-item normal-row\"> Cape Verde\/S.Tome and Principe<\/li><li class=\"list-group-item normal-row\">Chile<\/li><li class=\"list-group-item normal-row\"> Mozambique<\/li><li class=\"list-group-item normal-row\">Colombia\/Panama<\/li><li class=\"list-group-item normal-row\">Peru<\/li><li class=\"list-group-item normal-row\">Chile<\/li><li class=\"list-group-item normal-row\">Mexico<\/li><li class=\"list-group-item normal-row\">Mozambique<\/li><li class=\"list-group-item normal-row\">Germany<\/li><li class=\"list-group-item normal-row\"> United Kingdom<\/li><li class=\"list-group-item normal-row\">France<\/li><li class=\"list-group-item normal-row\">Morocco <\/li><li class=\"list-group-item normal-row\">Peru<\/li><li class=\"list-group-item normal-row\">Argentina<\/li><li class=\"list-group-item normal-row\">Mozambique<\/li><li class=\"list-group-item normal-row\">Germany<\/li><li class=\"list-group-item normal-row\">United Kingdom<\/li><\/ul><\/div><\/div><\/div><div class=\"panel-wrapper fusion-column column col-lg-3 col-md-3 col-sm-3 fusion-pricingtable-column\"><div class=\"panel-container\"><div class=\"fusion-panel\"><div class=\"panel-heading\"><h3 class=\"title-row\">Event<\/h3><\/div><div class=\"panel-body pricing-row\"><\/div><ul class=\"list-group\"><li class=\"list-group-item normal-row\">Business Mission to Cape Verde and S. Tome and Principe<\/li><li class=\"list-group-item normal-row\">Business Mission to Chile<\/li><li class=\"list-group-item normal-row\"> Business Mission to Mozambique<\/li><li class=\"list-group-item normal-row\">Business Mission to Colombia\/Panama <\/li><li class=\"list-group-item normal-row\">Business Mission to Peru<\/li><li class=\"list-group-item normal-row\">Inverse Importers Mission Chile<\/li><li class=\"list-group-item normal-row\">Business Mission to Mexico<\/li><li class=\"list-group-item normal-row\">Business Mission to Mozambique<\/li><li class=\"list-group-item normal-row\">Fair &#8220;Hannover Messe&#8221;<\/li><li class=\"list-group-item normal-row\">Fair &#8220;Subcon&#8221;<\/li><li class=\"list-group-item normal-row\">Fair &#8220;Midest&#8221;<\/li><li class=\"list-group-item normal-row\">Fair &#8220;Midest Marroc&#8221; <\/li><li class=\"list-group-item normal-row\"> Inverse Importers Mission Peru<\/li><li class=\"list-group-item normal-row\">Business Mission to Argentina<\/li><li class=\"list-group-item normal-row\">Fair &#8220;Hannover Messe&#8221;<\/li><li class=\"list-group-item normal-row\"> Fair &#8220;Subcon&#8221;<\/li><li class=\"list-group-item normal-row\">Fair &#8220;Hannover Messe&#8221;<\/li><\/ul><\/div><\/div><\/div><div class=\"panel-wrapper fusion-column column col-lg-3 col-md-3 col-sm-3 fusion-pricingtable-column\"><div class=\"panel-container\"><div class=\"fusion-panel\"><div class=\"panel-heading\"><h3 class=\"title-row\">Month<\/h3><\/div><div class=\"panel-body pricing-row\"><\/div><ul class=\"list-group\"><li class=\"list-group-item normal-row\">2014\/02<\/li><li class=\"list-group-item normal-row\">2014\/05<\/li><li class=\"list-group-item normal-row\">2014\/06<\/li><li class=\"list-group-item normal-row\">2014\/09<\/li><li class=\"list-group-item normal-row\">2014\/10<\/li><li class=\"list-group-item normal-row\">2014\/11<\/li><li class=\"list-group-item normal-row\">2014\/11<\/li><li class=\"list-group-item normal-row\">2014\/12<\/li><li class=\"list-group-item normal-row\">2014\/04<\/li><li class=\"list-group-item normal-row\">2014\/06<\/li><li class=\"list-group-item normal-row\">2014\/11<\/li><li class=\"list-group-item normal-row\">2014\/12<\/li><li class=\"list-group-item normal-row\">2015\/03<\/li><li class=\"list-group-item normal-row\">2015\/05<\/li><li class=\"list-group-item normal-row\">2015\/06<\/li><li class=\"list-group-item normal-row\">2015\/04<\/li><li class=\"list-group-item normal-row\">2015\/06<\/li><\/ul><\/div><\/div><\/div><\/div><div class=\"fusion-image-element fusion-image-align-right in-legacy-container\" style=\"text-align:right;--awb-caption-title-font-family:var(--h2_typography-font-family);--awb-caption-title-font-weight:var(--h2_typography-font-weight);--awb-caption-title-font-style:var(--h2_typography-font-style);--awb-caption-title-size:var(--h2_typography-font-size);--awb-caption-title-transform:var(--h2_typography-text-transform);--awb-caption-title-line-height:var(--h2_typography-line-height);--awb-caption-title-letter-spacing:var(--h2_typography-letter-spacing);\"><span class=\" fusion-imageframe imageframe-none imageframe-1 hover-type-none\" style=\"margin-left:25px;float:right;\"><img decoding=\"async\" width=\"364\" height=\"65\" title=\"compete\" src=\"https:\/\/www.aneme.pt\/site\/wp-content\/uploads\/2018\/02\/compete_-_sem_bandeira.jpg\" alt class=\"img-responsive wp-image-14416\" srcset=\"https:\/\/www.aneme.pt\/site\/wp-content\/uploads\/2018\/02\/compete_-_sem_bandeira-200x36.jpg 200w, https:\/\/www.aneme.pt\/site\/wp-content\/uploads\/2018\/02\/compete_-_sem_bandeira.jpg 364w\" sizes=\"(max-width: 800px) 100vw, 364px\" \/><\/span><\/div><div class=\"fusion-clearfix\"><\/div><\/div><\/div><\/div><\/div><\/p>\n","protected":false},"excerpt":{"rendered":"","protected":false},"author":800,"featured_media":0,"parent":0,"menu_order":0,"comment_status":"open","ping_status":"closed","template":"100-width.php","meta":{"_cbd_carousel_blocks":"[]","footnotes":""},"yoast_head":"<!-- This site is optimized with the Yoast SEO plugin v22.1 - https:\/\/yoast.com\/wordpress\/plugins\/seo\/ -->\n<title>QREN - Internationalization - ANEME<\/title>\n<meta name=\"robots\" content=\"index, follow, max-snippet:-1, max-image-preview:large, max-video-preview:-1\" \/>\n<link rel=\"canonical\" href=\"https:\/\/www.aneme.pt\/site\/qren-internacionalizacao\/?lang=en\" \/>\n<meta property=\"og:locale\" content=\"pt_PT\" \/>\n<meta property=\"og:type\" content=\"article\" \/>\n<meta property=\"og:title\" content=\"QREN - Internationalization - ANEME\" \/>\n<meta property=\"og:url\" content=\"https:\/\/www.aneme.pt\/site\/qren-internacionalizacao\/?lang=en\" \/>\n<meta property=\"og:site_name\" content=\"ANEME\" \/>\n<meta property=\"article:modified_time\" content=\"2018-02-08T09:53:25+00:00\" \/>\n<meta name=\"twitter:card\" content=\"summary_large_image\" \/>\n<meta name=\"twitter:label1\" content=\"Tempo estimado de leitura\" \/>\n\t<meta name=\"twitter:data1\" content=\"5 minutos\" \/>\n<script type=\"application\/ld+json\" class=\"yoast-schema-graph\">{\"@context\":\"https:\/\/schema.org\",\"@graph\":[{\"@type\":\"WebPage\",\"@id\":\"https:\/\/www.aneme.pt\/site\/qren-internacionalizacao\/?lang=en\",\"url\":\"https:\/\/www.aneme.pt\/site\/qren-internacionalizacao\/?lang=en\",\"name\":\"QREN - Internationalization - ANEME\",\"isPartOf\":{\"@id\":\"https:\/\/www.aneme.pt\/site\/?lang=en\/#website\"},\"datePublished\":\"2018-02-06T09:24:42+00:00\",\"dateModified\":\"2018-02-08T09:53:25+00:00\",\"breadcrumb\":{\"@id\":\"https:\/\/www.aneme.pt\/site\/qren-internacionalizacao\/?lang=en#breadcrumb\"},\"inLanguage\":\"pt-PT\",\"potentialAction\":[{\"@type\":\"ReadAction\",\"target\":[\"https:\/\/www.aneme.pt\/site\/qren-internacionalizacao\/?lang=en\"]}]},{\"@type\":\"BreadcrumbList\",\"@id\":\"https:\/\/www.aneme.pt\/site\/qren-internacionalizacao\/?lang=en#breadcrumb\",\"itemListElement\":[{\"@type\":\"ListItem\",\"position\":1,\"name\":\"In\u00edcio\",\"item\":\"https:\/\/www.aneme.pt\/site\/\"},{\"@type\":\"ListItem\",\"position\":2,\"name\":\"QREN &#8211; Internationalization\"}]},{\"@type\":\"WebSite\",\"@id\":\"https:\/\/www.aneme.pt\/site\/?lang=en\/#website\",\"url\":\"https:\/\/www.aneme.pt\/site\/?lang=en\/\",\"name\":\"ANEME\",\"description\":\"Associa\u00e7\u00e3o Nacional das Empresas Metal\u00fargicas e Electromec\u00e2nicas\",\"potentialAction\":[{\"@type\":\"SearchAction\",\"target\":{\"@type\":\"EntryPoint\",\"urlTemplate\":\"https:\/\/www.aneme.pt\/site\/?lang=en\/?s={search_term_string}\"},\"query-input\":\"required name=search_term_string\"}],\"inLanguage\":\"pt-PT\"}]}<\/script>\n<!-- \/ Yoast SEO plugin. -->","yoast_head_json":{"title":"QREN - Internationalization - ANEME","robots":{"index":"index","follow":"follow","max-snippet":"max-snippet:-1","max-image-preview":"max-image-preview:large","max-video-preview":"max-video-preview:-1"},"canonical":"https:\/\/www.aneme.pt\/site\/qren-internacionalizacao\/?lang=en","og_locale":"pt_PT","og_type":"article","og_title":"QREN - Internationalization - ANEME","og_url":"https:\/\/www.aneme.pt\/site\/qren-internacionalizacao\/?lang=en","og_site_name":"ANEME","article_modified_time":"2018-02-08T09:53:25+00:00","twitter_card":"summary_large_image","twitter_misc":{"Tempo estimado de leitura":"5 minutos"},"schema":{"@context":"https:\/\/schema.org","@graph":[{"@type":"WebPage","@id":"https:\/\/www.aneme.pt\/site\/qren-internacionalizacao\/?lang=en","url":"https:\/\/www.aneme.pt\/site\/qren-internacionalizacao\/?lang=en","name":"QREN - Internationalization - ANEME","isPartOf":{"@id":"https:\/\/www.aneme.pt\/site\/?lang=en\/#website"},"datePublished":"2018-02-06T09:24:42+00:00","dateModified":"2018-02-08T09:53:25+00:00","breadcrumb":{"@id":"https:\/\/www.aneme.pt\/site\/qren-internacionalizacao\/?lang=en#breadcrumb"},"inLanguage":"pt-PT","potentialAction":[{"@type":"ReadAction","target":["https:\/\/www.aneme.pt\/site\/qren-internacionalizacao\/?lang=en"]}]},{"@type":"BreadcrumbList","@id":"https:\/\/www.aneme.pt\/site\/qren-internacionalizacao\/?lang=en#breadcrumb","itemListElement":[{"@type":"ListItem","position":1,"name":"In\u00edcio","item":"https:\/\/www.aneme.pt\/site\/"},{"@type":"ListItem","position":2,"name":"QREN &#8211; Internationalization"}]},{"@type":"WebSite","@id":"https:\/\/www.aneme.pt\/site\/?lang=en\/#website","url":"https:\/\/www.aneme.pt\/site\/?lang=en\/","name":"ANEME","description":"Associa\u00e7\u00e3o Nacional das Empresas Metal\u00fargicas e Electromec\u00e2nicas","potentialAction":[{"@type":"SearchAction","target":{"@type":"EntryPoint","urlTemplate":"https:\/\/www.aneme.pt\/site\/?lang=en\/?s={search_term_string}"},"query-input":"required name=search_term_string"}],"inLanguage":"pt-PT"}]}},"_links":{"self":[{"href":"https:\/\/www.aneme.pt\/site\/wp-json\/wp\/v2\/pages\/13960"}],"collection":[{"href":"https:\/\/www.aneme.pt\/site\/wp-json\/wp\/v2\/pages"}],"about":[{"href":"https:\/\/www.aneme.pt\/site\/wp-json\/wp\/v2\/types\/page"}],"author":[{"embeddable":true,"href":"https:\/\/www.aneme.pt\/site\/wp-json\/wp\/v2\/users\/800"}],"replies":[{"embeddable":true,"href":"https:\/\/www.aneme.pt\/site\/wp-json\/wp\/v2\/comments?post=13960"}],"version-history":[{"count":33,"href":"https:\/\/www.aneme.pt\/site\/wp-json\/wp\/v2\/pages\/13960\/revisions"}],"predecessor-version":[{"id":14425,"href":"https:\/\/www.aneme.pt\/site\/wp-json\/wp\/v2\/pages\/13960\/revisions\/14425"}],"wp:attachment":[{"href":"https:\/\/www.aneme.pt\/site\/wp-json\/wp\/v2\/media?parent=13960"}],"curies":[{"name":"wp","href":"https:\/\/api.w.org\/{rel}","templated":true}]}}