{"id":15432,"date":"2018-03-20T17:30:35","date_gmt":"2018-03-20T17:30:35","guid":{"rendered":"https:\/\/www.aneme.pt\/site\/?page_id=15432"},"modified":"2018-03-21T09:45:10","modified_gmt":"2018-03-21T09:45:10","slug":"mapa-do-site","status":"publish","type":"page","link":"https:\/\/www.aneme.pt\/site\/mapa-do-site\/","title":{"rendered":"Mapa do Site"},"content":{"rendered":"<div class=\"fusion-fullwidth fullwidth-box fusion-builder-row-1 nonhundred-percent-fullwidth non-hundred-percent-height-scrolling\" style=\"--awb-border-radius-top-left:0px;--awb-border-radius-top-right:0px;--awb-border-radius-bottom-right:0px;--awb-border-radius-bottom-left:0px;--awb-flex-wrap:wrap;\" ><div class=\"fusion-builder-row fusion-row\"><div class=\"fusion-layout-column fusion_builder_column fusion-builder-column-0 fusion_builder_column_1_1 1_1 fusion-one-full fusion-column-first fusion-column-last\" style=\"--awb-bg-size:cover;\"><div class=\"fusion-column-wrapper fusion-flex-column-wrapper-legacy\"><div class=\"fusion-text fusion-text-1\"><pre><!-- .l0bg{background-color:#2381E9 !important} .l1bg{background-color:#5BCCF6 !important} .l2bg{background-color:#9CD159 !important} .l3bg{background-color:#65A6FF !important} .l4bg{background-color:#FFCC00 !important} .l5bg{background-color:#984DFF !important} --><\/pre>\n<pre><\/pre>\n<ul>\n<li><a class=\"l0bg\" href=\"#\">www.aneme.pt\/site<\/a>\n<ul>\n<li><a class=\"l1bg\" href=\"https:\/\/www.aneme.pt\/site\/\">Home <\/a>\n<ul>\n<li><a class=\"l2bg\" href=\"https:\/\/www.aneme.pt\/site\/quem-somos\/\">Quem Somos\u00a0<\/a><\/li>\n<li><a class=\"l2bg\" href=\"https:\/\/www.aneme.pt\/site\/orgaos-sociais\/\">Org\u00e3os Sociais\u00a0<\/a><\/li>\n<li><a class=\"l2bg\" href=\"https:\/\/www.aneme.pt\/site\/estrutura-executiva\/\">Estrutura Executiva\u00a0<\/a><\/li>\n<li>Departamentos\n<ul>\n<li><a class=\"l2bg\" href=\"https:\/\/www.aneme.pt\/site\/atividades-comerciais-associativas\/\">Atividades Comerciais e Associativas\u00a0<\/a><\/li>\n<li><a class=\"l2bg\" href=\"https:\/\/www.aneme.pt\/site\/economico-financeiro\/\">Econ\u00f3mico e Financeiro\u00a0<\/a><\/li>\n<li><a class=\"l2bg\" href=\"https:\/\/www.aneme.pt\/site\/juridico\/\">Jur\u00eddico\u00a0<\/a><\/li>\n<li><a class=\"l2bg\" href=\"https:\/\/www.aneme.pt\/site\/tecnico\/\">T\u00e9cnico\u00a0<\/a><\/li>\n<\/ul>\n<\/li>\n<li><a class=\"l2bg\" href=\"https:\/\/www.aneme.pt\/site\/links-uteis\/\">Links \u00dateis <\/a><\/li>\n<li><a class=\"l2bg\" href=\"https:\/\/www.aneme.pt\/site\/contactos\/\">Contactos <\/a><\/li>\n<\/ul>\n<\/li>\n<li>Servi\u00e7os\n<ul>\n<li>Informa\u00e7\u00e3o e Apoio T\u00e9cnico\n<ul>\n<li><a class=\"l2bg\" href=\"https:\/\/www.aneme.pt\/site\/seguranca-e-saude-no-trabalho\/\">Seguran\u00e7a e Sa\u00fade no Trabalho <\/a><\/li>\n<li><a class=\"l2bg\" href=\"https:\/\/www.aneme.pt\/site\/qualidade-e-ambiente\/\">Qualidade e Ambiente\u00a0<\/a><\/li>\n<li><a class=\"l2bg\" href=\"https:\/\/www.aneme.pt\/site\/licenciamento-e-alvaras\/\">Licenciamento e Alvar\u00e1s\u00a0<\/a><\/li>\n<li><a class=\"l2bg\" href=\"https:\/\/www.aneme.pt\/site\/juridico-e-laboral\/\">Jur\u00eddico e Laboral\u00a0<\/a><\/li>\n<li><a class=\"l2bg\" href=\"https:\/\/www.aneme.pt\/site\/economico-e-fiscal\/\">Econ\u00f3mico e Fiscal\u00a0<\/a><\/li>\n<li><a class=\"l2bg\" href=\"https:\/\/www.aneme.pt\/site\/oportunidades-comerciais\/\">Oportunidades Comerciais\u00a0<\/a><\/li>\n<li><a class=\"l2bg\" href=\"https:\/\/www.aneme.pt\/site\/indicadores-economicos\/\">Indicadores Econ\u00f3micos\u00a0<\/a><\/li>\n<li><a class=\"l2bg\" href=\"https:\/\/www.aneme.pt\/site\/apoios-e-incentivos\/\">Apoios e Incentivos\u00a0<\/a><\/li>\n<\/ul>\n<\/li>\n<li><a class=\"l2bg\" href=\"https:\/\/www.aneme.pt\/site\/formacao\/\">Forma\u00e7\u00e3o\u00a0<\/a><\/li>\n<li><a class=\"l2bg\" href=\"https:\/\/www.aneme.pt\/site\/internacionalizacao\/\">Internacionaliza\u00e7\u00e3o\u00a0<\/a><\/li>\n<li>Projetos\n<ul>\n<li><a class=\"l2bg\" href=\"https:\/\/www.aneme.pt\/site\/projeto-conjunto-de-internacionalizacao-2017-2018-2\/\">P2020: Projeto Conjunto de Internacionaliza\u00e7\u00e3o &#8211; 2017\/2018 <\/a><\/li>\n<li><a class=\"l2bg\" href=\"https:\/\/www.aneme.pt\/site\/projeto-formacao-acao-pme-2017-2018\/\">P2020: Projeto Forma\u00e7\u00e3o A\u00e7\u00e3o para PME &#8211; 2017\/2018\u00a0<\/a><\/li>\n<li><a class=\"l2bg\" href=\"https:\/\/www.aneme.pt\/site\/projeto-poci-siac\/\">P2020: POCI &#8211; SIAC\u00a0<\/a><\/li>\n<li><a class=\"l2bg\" href=\"https:\/\/www.aneme.pt\/site\/projeto-qren-poph\/\">QREN &#8211; POPH\u00a0<\/a><\/li>\n<li><a class=\"l2bg\" href=\"https:\/\/www.aneme.pt\/site\/projeto-qren-compete-siac\/\">QREN &#8211; COMPETE &#8211; SIAC\u00a0<\/a><\/li>\n<li><a class=\"l2bg\" href=\"https:\/\/www.aneme.pt\/site\/projeto-qren-internacionalizacao\/\">QREN &#8211; INTERNACIONALIZA\u00c7\u00c3O\u00a0<\/a><\/li>\n<li><a href=\"http:\/\/cmarket.aida.pt\/\">C &#8211; MARKET &#8211; Efici\u00eancia Energ\u00e9tica e Economia de Baixo Carbono\u00a0<\/a><\/li>\n<\/ul>\n<\/li>\n<\/ul>\n<\/li>\n<li>Associados\n<ul>\n<li><a class=\"l2bg\" href=\"https:\/\/www.aneme.pt\/site\/vantagens-e-regalias\/\">Vantagens e Regalias\u00a0<\/a><\/li>\n<li><a class=\"l2bg\" href=\"https:\/\/www.aneme.pt\/site\/pedido-inscricao-associado\/\">Pedido Inscri\u00e7\u00e3o\u00a0<\/a><\/li>\n<\/ul>\n<\/li>\n<li><a href=\"https:\/\/www.aneme.pt\/site\/associados\/\">Setor<\/a><\/li>\n<li>Biblioteca Digital\n<ul>\n<li><a class=\"l2bg\" href=\"https:\/\/www.aneme.pt\/site\/noticias\/\">Not\u00edcias\u00a0<\/a><\/li>\n<li><a class=\"l2bg\" href=\"https:\/\/www.aneme.pt\/site\/boletim\/\">Boletim\u00a0<\/a><\/li>\n<li><a class=\"l2bg\" href=\"https:\/\/www.aneme.pt\/site\/estudos-de-mercado\/\">Estudos de mercado\u00a0<\/a><\/li>\n<li><a class=\"l2bg\" href=\"https:\/\/www.aneme.pt\/site\/informacoes-tematicas\/\">Informa\u00e7\u00f5es Tem\u00e1ticas\u00a0<\/a><\/li>\n<li><a class=\"l2bg\" href=\"https:\/\/www.aneme.pt\/site\/barometro-do-setor\/\">Bar\u00f3metro do Setor\u00a0<\/a><\/li>\n<li><a class=\"l2bg\" href=\"https:\/\/www.aneme.pt\/site\/publicacoes\/\">Publica\u00e7\u00f5es\u00a0<\/a><\/li>\n<li><a class=\"l2bg\" href=\"https:\/\/www.aneme.pt\/site\/videos\/\">V\u00eddeos\u00a0<\/a><\/li>\n<li><a href=\"https:\/\/www.aneme.pt\/site\/wp-content\/uploads\/2018\/02\/ANU%C3%81RIO_2017.pdf\">Anu\u00e1rio\u00a0<\/a><\/li>\n<\/ul>\n<\/li>\n<li>Plataformas ANEME\n<ul>\n<li><a href=\"http:\/\/aneme.trabalhando.pt\/\">Portal de Emprego<\/a><\/li>\n<li><a href=\"http:\/\/cmarket.aida.pt\/\">CMarket<\/a><\/li>\n<li><a href=\"http:\/\/www.sigame-cplp.com\/index\">CPLP\u00a0Portal &#8211; SIGAME<\/a><\/li>\n<li><a href=\"https:\/\/aneme.simca.pt\/\">Plataforma SIMCA &#8211;\u00a0 Sistema de Monitoriza\u00e7\u00e3o de Custos Ambientais<\/a><\/li>\n<\/ul>\n<\/li>\n<li><a class=\"l2bg\" href=\"https:\/\/www.aneme.pt\/site\/login-2\/\">\u00c1rea Reservada<\/a><\/li>\n<\/ul>\n<\/li>\n<\/ul>\n<\/div><div class=\"fusion-clearfix\"><\/div><\/div><\/div><\/div><\/div>\n","protected":false},"excerpt":{"rendered":"","protected":false},"author":800,"featured_media":0,"parent":0,"menu_order":0,"comment_status":"closed","ping_status":"closed","template":"","meta":{"_cbd_carousel_blocks":"[]","footnotes":""},"yoast_head":"<!-- This site is optimized with the Yoast SEO plugin v22.1 - https:\/\/yoast.com\/wordpress\/plugins\/seo\/ -->\n<title>Mapa do Site - ANEME<\/title>\n<meta name=\"robots\" content=\"index, follow, max-snippet:-1, max-image-preview:large, max-video-preview:-1\" \/>\n<link rel=\"canonical\" href=\"https:\/\/www.aneme.pt\/site\/mapa-do-site\/\" \/>\n<meta property=\"og:locale\" content=\"pt_PT\" \/>\n<meta property=\"og:type\" content=\"article\" \/>\n<meta property=\"og:title\" content=\"Mapa do Site - ANEME\" \/>\n<meta property=\"og:url\" content=\"https:\/\/www.aneme.pt\/site\/mapa-do-site\/\" \/>\n<meta property=\"og:site_name\" content=\"ANEME\" \/>\n<meta property=\"article:modified_time\" content=\"2018-03-21T09:45:10+00:00\" \/>\n<meta name=\"twitter:card\" content=\"summary_large_image\" \/>\n<meta name=\"twitter:label1\" content=\"Tempo estimado de leitura\" \/>\n\t<meta name=\"twitter:data1\" content=\"2 minutos\" \/>\n<script type=\"application\/ld+json\" class=\"yoast-schema-graph\">{\"@context\":\"https:\/\/schema.org\",\"@graph\":[{\"@type\":\"WebPage\",\"@id\":\"https:\/\/www.aneme.pt\/site\/mapa-do-site\/\",\"url\":\"https:\/\/www.aneme.pt\/site\/mapa-do-site\/\",\"name\":\"Mapa do Site - ANEME\",\"isPartOf\":{\"@id\":\"https:\/\/www.aneme.pt\/site\/?lang=en\/#website\"},\"datePublished\":\"2018-03-20T17:30:35+00:00\",\"dateModified\":\"2018-03-21T09:45:10+00:00\",\"breadcrumb\":{\"@id\":\"https:\/\/www.aneme.pt\/site\/mapa-do-site\/#breadcrumb\"},\"inLanguage\":\"pt-PT\",\"potentialAction\":[{\"@type\":\"ReadAction\",\"target\":[\"https:\/\/www.aneme.pt\/site\/mapa-do-site\/\"]}]},{\"@type\":\"BreadcrumbList\",\"@id\":\"https:\/\/www.aneme.pt\/site\/mapa-do-site\/#breadcrumb\",\"itemListElement\":[{\"@type\":\"ListItem\",\"position\":1,\"name\":\"In\u00edcio\",\"item\":\"https:\/\/www.aneme.pt\/site\/\"},{\"@type\":\"ListItem\",\"position\":2,\"name\":\"Mapa do Site\"}]},{\"@type\":\"WebSite\",\"@id\":\"https:\/\/www.aneme.pt\/site\/?lang=en\/#website\",\"url\":\"https:\/\/www.aneme.pt\/site\/?lang=en\/\",\"name\":\"ANEME\",\"description\":\"Associa\u00e7\u00e3o Nacional das Empresas Metal\u00fargicas e Electromec\u00e2nicas\",\"potentialAction\":[{\"@type\":\"SearchAction\",\"target\":{\"@type\":\"EntryPoint\",\"urlTemplate\":\"https:\/\/www.aneme.pt\/site\/?lang=en\/?s={search_term_string}\"},\"query-input\":\"required name=search_term_string\"}],\"inLanguage\":\"pt-PT\"}]}<\/script>\n<!-- \/ Yoast SEO plugin. -->","yoast_head_json":{"title":"Mapa do Site - ANEME","robots":{"index":"index","follow":"follow","max-snippet":"max-snippet:-1","max-image-preview":"max-image-preview:large","max-video-preview":"max-video-preview:-1"},"canonical":"https:\/\/www.aneme.pt\/site\/mapa-do-site\/","og_locale":"pt_PT","og_type":"article","og_title":"Mapa do Site - ANEME","og_url":"https:\/\/www.aneme.pt\/site\/mapa-do-site\/","og_site_name":"ANEME","article_modified_time":"2018-03-21T09:45:10+00:00","twitter_card":"summary_large_image","twitter_misc":{"Tempo estimado de leitura":"2 minutos"},"schema":{"@context":"https:\/\/schema.org","@graph":[{"@type":"WebPage","@id":"https:\/\/www.aneme.pt\/site\/mapa-do-site\/","url":"https:\/\/www.aneme.pt\/site\/mapa-do-site\/","name":"Mapa do Site - ANEME","isPartOf":{"@id":"https:\/\/www.aneme.pt\/site\/?lang=en\/#website"},"datePublished":"2018-03-20T17:30:35+00:00","dateModified":"2018-03-21T09:45:10+00:00","breadcrumb":{"@id":"https:\/\/www.aneme.pt\/site\/mapa-do-site\/#breadcrumb"},"inLanguage":"pt-PT","potentialAction":[{"@type":"ReadAction","target":["https:\/\/www.aneme.pt\/site\/mapa-do-site\/"]}]},{"@type":"BreadcrumbList","@id":"https:\/\/www.aneme.pt\/site\/mapa-do-site\/#breadcrumb","itemListElement":[{"@type":"ListItem","position":1,"name":"In\u00edcio","item":"https:\/\/www.aneme.pt\/site\/"},{"@type":"ListItem","position":2,"name":"Mapa do Site"}]},{"@type":"WebSite","@id":"https:\/\/www.aneme.pt\/site\/?lang=en\/#website","url":"https:\/\/www.aneme.pt\/site\/?lang=en\/","name":"ANEME","description":"Associa\u00e7\u00e3o Nacional das Empresas Metal\u00fargicas e Electromec\u00e2nicas","potentialAction":[{"@type":"SearchAction","target":{"@type":"EntryPoint","urlTemplate":"https:\/\/www.aneme.pt\/site\/?lang=en\/?s={search_term_string}"},"query-input":"required name=search_term_string"}],"inLanguage":"pt-PT"}]}},"_links":{"self":[{"href":"https:\/\/www.aneme.pt\/site\/wp-json\/wp\/v2\/pages\/15432"}],"collection":[{"href":"https:\/\/www.aneme.pt\/site\/wp-json\/wp\/v2\/pages"}],"about":[{"href":"https:\/\/www.aneme.pt\/site\/wp-json\/wp\/v2\/types\/page"}],"author":[{"embeddable":true,"href":"https:\/\/www.aneme.pt\/site\/wp-json\/wp\/v2\/users\/800"}],"replies":[{"embeddable":true,"href":"https:\/\/www.aneme.pt\/site\/wp-json\/wp\/v2\/comments?post=15432"}],"version-history":[{"count":12,"href":"https:\/\/www.aneme.pt\/site\/wp-json\/wp\/v2\/pages\/15432\/revisions"}],"predecessor-version":[{"id":15455,"href":"https:\/\/www.aneme.pt\/site\/wp-json\/wp\/v2\/pages\/15432\/revisions\/15455"}],"wp:attachment":[{"href":"https:\/\/www.aneme.pt\/site\/wp-json\/wp\/v2\/media?parent=15432"}],"curies":[{"name":"wp","href":"https:\/\/api.w.org\/{rel}","templated":true}]}}